 - 2873. What is the highest common factor of t and v?
17
Let s be ((-5)/(-2))/(15/30). Let n be 357/14 + 2/(-4). Calculate the greatest common divisor of s and n.
5
Let u(g) = 6*g**2 - 8. Let c be u(-3). Let y be (-4)/(-14) - (-3212)/28. Calculate the greatest common factor of y and c.
23
Suppose -7546 = -287*i + 276*i. What is the greatest common factor of i and 28?
14
Let x(f) = -2*f**2 + 5*f - 4. Let c be x(1). Let r be 2*(-1 - 2/c). Let q = r + 11. What is the highest common factor of q and 91?
13
Let f = 54 - 19. Let n = f + -33. What is the highest common divisor of 10 and n?
2
Let m = -28 - -29. Let s be (0 - (m + -1))/(-1). Suppose -4*c = -s*c - 184. What is the greatest common factor of 23 and c?
23
Let h be 80 + (-4 - (-21)/(-7)). What is the highest common factor of 803 and h?
73
Suppose 3*l - 92 = -w, 2*l - 76 = 2*w - 4. Suppose -o - 4*v + 76 = 0, -o + 2*o + 5*v - 75 = 0. Calculate the greatest common factor of o and l.
16
Let z = 1418 - 1355. What is the highest common divisor of z and 2142?
63
Suppose -12*x = -4*x - 3440. What is the greatest common divisor of x and 10?
10
Suppose -5*w = 0, -7*q + 5*w = -3*q + 64. Let s be 0*(q/12 - -1). Suppose -v = 4*a - 388, s*a + 5*v + 118 = a. Calculate the greatest common factor of a and 14.
14
Suppose -5*w - 78 = 2*r - w, -2 = -2*w. Let c = r - -63. What is the highest common divisor of 33 and c?
11
Let f = -12 - -17. Suppose 24*t + 260 = 5*i + 21*t, -t = i - 60. What is the greatest common divisor of i and f?
5
Let k = -181 - -47. Let p = k - -152. What is the greatest common divisor of p and 90?
18
Suppose q = -h + 158, -q - 27 + 160 = -4*h. Calculate the highest common factor of q and 17.
17
Let k(o) = 18*o**2 - o - 3. Let f be 1 + -1 + -1 + -2. Let r be k(f). Suppose -4*h = -8, -2*y + 51 = 5*h + 5. Calculate the greatest common factor of r and y.
18
Let r = -1002 - -1132. What is the highest common factor of 104 and r?
26
Suppose 3*f = -26 - 37. Let q = -4 - f. What is the greatest common factor of q and 51?
17
Let s(d) = 79*d - 89. Let v be s(3). Calculate the greatest common divisor of v and 4.
4
Let i = -13 - -17. Let t be ((-9)/i)/((-9)/(-36)). Let r be 10/(t/6 + 2). What is the highest common divisor of r and 10?
10
Let d be 3 - (14 + 2 + -3). Let z be 7/((-14)/(-20))*d/(-2). What is the greatest common divisor of 450 and z?
50
Let c = 140 - 117. Suppose -83 + c = -6*j. Calculate the greatest common factor of j and 8.
2
Let c be 2/4 - (-11)/2. Let s be (-2033)/(-133) - (c/7)/3. Calculate the highest common factor of 5 and s.
5
Suppose 0 = 3*k - 0*f + 5*f + 9, -f = -4*k - 12. Let c be -9 + k/(-12)*4. Let x be c*(0 + -2 + 0). Calculate the greatest common divisor of 16 and x.
16
Let z = -207 + 236. Calculate the greatest common factor of 261 and z.
29
Let j = -60 - -91. Let s = j + -14. Let y = 443 + -256. What is the highest common factor of y and s?
17
Let x be 5/(-7) + 1 + 19923/609. Calculate the greatest common factor of 36 and x.
3
Suppose 8 = 4*a - 8*a - 4*v, 2*a - 12 = 2*v. What is the greatest common factor of 38 and a?
2
Let v = -3411 + 5130. Calculate the highest common factor of 9 and v.
9
Let a(x) = -5*x**3 - 3*x**2 + 16*x + 32. Let w be a(-4). Calculate the greatest common factor of 60 and w.
60
Let b be 1598/136 - (-2)/8. Suppose b*c - 14*c + 168 = 0. Calculate the highest common divisor of c and 12.
12
Let q = 21 - 18. Suppose -3*u = 3*s - 3, 3*s = 2*s + q*u - 3. Suppose 3*j - 51 = -s. Calculate the highest common divisor of 68 and j.
17
Suppose 3*c - 89 = 5*v, 5*c + v - 149 + 10 = 0. Let q be 128/9 + (-20)/90. Calculate the highest common divisor of q and c.
14
Let h(p) = -p**3 + 8*p**2 + 9*p + 3. Let w be h(9). Suppose -4*u + w*y + 1569 = 0, u + u - 782 = 2*y. What is the greatest common factor of 44 and u?
44
Let h = -24 - -35. Suppose 4*q + 13 = -s, -s + 5*q + 12 = -h. Suppose 5*y - 90 = s*g, y - 26 = -2*g - 8. Calculate the greatest common divisor of y and 9.
9
Let s be (2 - -4 - -3)*-3 + 2. Let a(x) = -x**3 - 24*x**2 + 23*x + 1. Let h be a(s). Calculate the greatest common divisor of 68 and h.
17
Let p = -1330 - -1658. Calculate the greatest common factor of p and 40.
8
Let d be -1 - -12*((-6)/(-4))/(-3). Let r(h) = h**3 + 6*h**2 - 11*h - 18. Let c be r(d). What is the greatest common divisor of c and 15?
5
Suppose 4*u + 3*n + 8 = 0, 0 = -2*n - 4 - 4. Let s be (5 - u)/(3 + 237/(-81)). Calculate the greatest common factor of 36 and s.
18
Let d(x) = x**2 + 8*x - 26. Let l be d(-11). What is the greatest common divisor of l and 938?
7
Let k = 63 - 22. Suppose -2*z - 33 = -k. What is the greatest common divisor of 16 and z?
4
Let r = 11 + -3. Let j = 5 - r. Let s be (3/5)/(j/(-15)). Calculate the highest common factor of 24 and s.
3
Suppose 2*q - 10 = 4*q. Let j be q - -2 - (-91)/7. Calculate the greatest common factor of j and 2.
2
Let s = 64 - 60. Suppose 204 = 5*h + g, -2*h + 3*g + 64 = -s. Let f = -13 + 23. What is the greatest common divisor of h and f?
10
Suppose 12*l - 11*l - 24 = -g, -3*g = -l - 80. Calculate the greatest common factor of 2470 and g.
26
Let q = 1 - -3. Suppose -q*f = f - 10. Suppose -5*d + 57 - 46 = -2*l, -5*d = 4*l - 23. What is the greatest common factor of f and d?
1
Let g = 318 - 312. What is the highest common divisor of g and 11?
1
Let x be (-216)/(-15) - (-2)/(-5). Let m(i) = -i**2 + 17*i + 23. Let u be m(x). Calculate the greatest common divisor of u and 5.
5
Let l = -2527 - -2607. Calculate the greatest common divisor of l and 490.
10
Suppose -52 + 461 = -n - u, -2*u = 4*n + 1636. Let j = -620 - n. Let l = -127 - j. What is the greatest common divisor of 12 and l?
12
Let l(o) = -2*o + 32. Let g be l(8). Let y = g - 4. Calculate the greatest common divisor of y and 36.
12
Let p be 3 + 0 - (-13)/(65/150). Let q = -69 - -102. Calculate the highest common divisor of q and p.
33
Suppose 0 = -38*y + 10692 + 3216. Calculate the greatest common factor of y and 305.
61
Suppose 5*f + 3*z - 457 = -87, f = 3*z + 74. Let c = -69 + f. What is the greatest common factor of c and 15?
5
Suppose 0 = 7*y + 2*y - 45. Suppose -3*q = y*x + 2*q - 550, 0 = -4*x + 3*q + 440. What is the greatest common factor of x and 10?
10
Let n(j) = 3*j**2 - 7*j + 5. Suppose h + z - 4 = -5, 11 = 4*h - z. Let p be n(h). Suppose p*v + 3 = 30. What is the highest common factor of v and 1?
1
Let c = 129 + -41. Suppose -c + 32 = -4*n. What is the highest common factor of 154 and n?
14
Let u = -13 - -17. What is the highest common factor of u and 1076?
4
Suppose 0 = -18*p + 13*p + 190. Let v be 4 - (-5)/(10/p). What is the highest common factor of 69 and v?
23
Let z be 283 + -1 + -12 + 10. What is the greatest common factor of 180 and z?
20
Let i = 116 - 114. Let z(s) = 61*s + 8. Let d be z(i). What is the greatest common divisor of 13 and d?
13
Let q be (2/3)/((-2)/(-15)). Suppose -q*k = -15, k = 3*r + 2*k - 3. Suppose 4*p + 70 - 334 = r. What is the greatest common divisor of p and 6?
6
Let k(c) = 7*c**2 - 5*c - 5. Let n be k(-1). What is the highest common factor of 287 and n?
7
Let b(d) = -4*d - 9. Let k be b(-6). Suppose -3*u = -k + 3. Suppose -l = 0, -2*m + 0*m + 18 = u*l. What is the highest common factor of 1 and m?
1
Suppose 2*x - 46 - 56 = 0. Calculate the greatest common divisor of x and 561.
51
Let w be -5 + -4 + (2 - -2). Let t = 7 - w. Let p be (16/(-2))/(6/(-99)). What is the highest common divisor of p and t?
12
Let t be 10/70 + (-24440)/(-28). What is the highest common divisor of t and 194?
97
Let c = 9 - 4. Suppose -c*b + f + 19 = 0, -2 = 2*f - 4. Suppose b*h - 2*h = 24. Calculate the greatest common divisor of h and 60.
12
Let j be ((-1866)/(-5) - (2 - 8))*5. What is the greatest common factor of 24 and j?
24
Suppose -2*o + 354 + 334 = 0. Suppose 4*k - 4*t - o = -0*k, 2*k + 2*t = 152. Let x(q) = -q**2 + 9. Let l be x(0). What is the highest common divisor of k and l?
9
Let j(r) = 11*r + 167. Let f be j(-12). What is the highest common factor of 4 and f?
1
Let l(s) = 2*s + 30. Suppose -12*k - 24 = -8*k. Let q be l(k). What is the greatest common divisor of 72 and q?
18
Let g(l) = 27*l - 556. Let i be g(38). Calculate the highest common divisor of i and 90.
10
Let a be (6/9)/((-18)/(-1269)). Let r = 48 - a. Calculate the highest common divisor of r and